me factors of (2528/b)/((-3)/(-90)).
2, 3, 79
Let j(p) = 1353*p - 4467. List the prime factors of j(30).
3, 12041
Let c = 9245 + 1562. List the prime factors of c.
101, 107
Suppose -132*w - 236*w = -906236 - 3735716. What are the prime factors of w?
2, 7, 17, 53
Let n be (-3 - -2)*2 + -90. Let z(v) = 6*v**2 - 3*v + 2. Let f be z(2). Let a = f - n. List the prime factors of a.
2, 7
Let y(i) = -3*i**2 - 2*i + 109. Let q(t) = t**3 + 3*t**2 - 11*t - 5. Suppose -d = -2*b + 1, -d + 0 + 1 = -3*b. Let z be q(d). List the prime factors of y(z).
109
What are the prime factors of (-18)/(1 + 17655/(-17644)) + -4?
2, 7, 1031
Let g(t) = -t**3 + 7*t**2 + 9*t - 5. Let b be g(8). Suppose -3*m - b - 21 = j, m = 3*j + 32. What are the prime factors of ((-534)/j)/(2/4)?
89
Let b(z) = 21*z**2 - 4*z - 3. Let w be b(-1). List the prime factors of (-3642)/(-10) - w/110.
2, 7, 13
Suppose -5 + 11 = j. Suppose 4*f - 240 = -j*f. Suppose -q - 3*a + f = q, -2*q = 4*a - 26. What are the prime factors of q?
3
Let b be 6 + (8/(-2))/2. Let f = 685 - 434. Suppose 0 = -3*d + 3*v + 2*v + f, d - b*v = 79. List the prime factors of d.
3, 29
Let p(r) = 595*r - 7. Let k be -2 + (-14)/(-2) - 4. List the prime factors of p(k).
2, 3, 7
Suppose -y = -306*s + 304*s - 6463, 3*s = -5*y + 32393. What are the prime factors of y?
5, 7, 37
Let s(n) = 4*n + 44. Suppose 3*z = -3*p - 24, -3*p - 3*z = 2*p + 48. Let a be s(p). What are the prime factors of ((-2)/a)/(-5*3/(-2370))?
79
Let l(a) be the third derivative of a**5/60 - a**4/24 - 23*a**3/6 + 2*a**2 - 97*a. Suppose 0 = v + 3*v - 52. List the prime factors of l(v).
7, 19
Let v(r) = -r**3 - 4*r - 11. Suppose -5*z + 13 - 23 = 0. Let l be v(z). Suppose -2*n = -l*n + 252. What are the prime factors of n?
2, 3, 7
What are the prime factors of ((6 - -10) + 4)*(-4149)/(-12)?
3, 5, 461
Let r(i) = 3*i**2 + 25*i + 10. Let a be r(-8). What are the prime factors of (107 + -99)*774/16*a?
2, 3, 43
Suppose -5256 = -195*m + 189*m. Suppose 0 = 851*b - 845*b - m. List the prime factors of b.
2, 73
Suppose 50*c - 655853 = 116847. What are the prime factors of c?
2, 7727
Let m(l) = -5*l**3 - 18*l - 4. Let k be m(-8). Suppose 5*x - k = -5*u, -x + 564 = u - 6*x. List the prime factors of u.
2, 17
Suppose 87*l - 84*l + 2040 = k, 10290 = 5*k + 3*l. List the prime factors of k.
3, 5, 137
Let s(a) = -59*a + 340. Let b be s(-7). Let t = b + -205. List the prime factors of t.
2, 137
Let s be 2/2*56/14. Suppose -2*d = n - 26, 0 = -5*d + 5*n - s + 39. Suppose 159 + d = 2*x. List the prime factors of x.
5, 17
List the prime factors of 8 - 0 - (156 + -31164).
2, 3877
Suppose -81 = -2*w - 7*w. Suppose -6*v + w*v - 9 = 0. List the prime factors of (v - (-177)/(-15))/((-2)/25).
2, 5, 11
Let m be (-3)/60*-5 - (-262)/8. Let k = -35 + m. What are the prime factors of (-42)/(-35)*(-115)/k?
3, 23
Let b = -1269 + 18194. List the prime factors of b.
5, 677
Let b be (((-60)/(-8))/(-5))/(3/(-4)). Suppose y - 6*y + 2967 = b*c, -2*c = -4*y - 2958. What are the prime factors of c?
1481
Suppose 4*n - 23 = 3*m, 5*m + 4*n - 15 + 64 = 0. Let s = m + 13. Suppose -4*i - s*j + 352 = 0, -j + 91 = i + 3*j. List the prime factors of i.
3, 29
Suppose 7768 = 2*j - 4*k, 3*j + 5923 = k + 17555. Suppose j = -84*b + 87*b. What are the prime factors of b?
2, 17, 19
Suppose -4*i + 97 = -2*q - 81, -5*i - 3*q = -217. Suppose -279*h - 339 = -282*h. Suppose x - h = -i. What are the prime factors of x?
3, 23
Let y(q) = q**2 - 2*q. Let x be y(-1). Suppose x*k - 492 = 231. Suppose 5*w - 259 = -5*p + k, 2*w + 320 = 3*p. What are the prime factors of p?
2, 13
What are the prime factors of 18/18 + 280944/16?
2, 5, 439
List the prime factors of (-159)/(-1908) + 92267/12.
3, 11, 233
Suppose 4*b + 1320 + 814 = -5*p, p - 5*b = -421. Let d = -98 - p. What are the prime factors of d?
2, 41
Let p(q) = 5*q + 2. Let m be p(-4). Let s be (6/120)/(3/60). What are the prime factors of (s/3)/((-6)/45)*m?
3, 5
Let c = 259 + -117. Let l = -145 + c. List the prime factors of (-1)/3 + 2/l + 282.
281
Suppose 15*w - 135550 + 24366 = 13136. What are the prime factors of w?
2, 7, 37
Suppose 53*g - 72*g = 31217. Let b = -577 - g. List the prime factors of b.
2, 13, 41
Suppose -633 = 20*g - 3733. Suppose -14*f - g = -3865. List the prime factors of f.
5, 53
Let h be 44/55*7185/(-2). Let j = -1788 - h. List the prime factors of j.
2, 3, 181
Let w = 28340 + -19558. List the prime factors of w.
2, 4391
Suppose 31*b = 2265350 - 335507. What are the prime factors of b?
3, 6917
Let h(v) = v**3 - 8*v**2 + v + 9. Let i be h(11). Suppose -i + 56 = -3*u. What are the prime factors of u?
109
Let a be 15/15 + (-73)/(-2)*-2. What are the prime factors of (a/48)/(2/(-1300))?
3, 5, 13
Let s(h) = 11*h + 51. Let j be s(-4). Let g be 3122/6 - (-2)/(-6). Suppose j*u = 17*u - g. What are the prime factors of u?
2, 13
Suppose 0 = -4*b - o + 60344, -5*b - 5*o = -55446 - 19969. What are the prime factors of b?
3, 47, 107
Suppose 23535 = 3*p - 8*t, 16*t - 17*t - 7835 = -p. List the prime factors of p.
7829
Suppose 4*p + c = -5, 2*p = -2*c - 1 + 3. List the prime factors of 78/(0/(-1) + p + 4).
3, 13
List the prime factors of ((-62114)/(24 - 11))/(-5 + 9/3).
2389
Let m = -24922 - -51517. What are the prime factors of m?
3, 5, 197
Suppose 5*m - 3 = -2*k + 3, -5*k = m - 15. Suppose m = 4*w - 3692 + 248. What are the prime factors of w?
3, 7, 41
Let a(y) = y**3 - 4*y**2 + y - 3. Suppose -336 = -13*h + 10*h. Suppose -h = -0*u - 14*u. What are the prime factors of a(u)?
3, 29
Let m(t) = 9*t**3 + 14*t**3 + 8*t**2 - 6*t - 8 - 21*t**3 - t**2. Let k be m(-4). Suppose k = -2*d + 5*d - 222. What are the prime factors of d?
2, 37
Suppose 3*r = b - 4, -5*b + 25 = -3*r + 5. Suppose 0*y - b*t + 287 = -3*y, -361 = 4*y - t. Let m = y + 170. What are the prime factors of m?
3
Suppose 4*f + 61 = 3*o - 67, -4*f + 160 = 3*o. What are the prime factors of 1064 - (o/14 + (-9)/21)?
1061
Let t be 536/12*6/4 - 2. Suppose -t + 229 = 2*o. List the prime factors of o.
2, 41
Let m = 20515 - 8766. List the prime factors of m.
31, 379
Suppose 2*k - 289 = 3*d, 9 - 1 = 4*k. Let z be (-2 + 1)/(2/266). Let s = d - z. List the prime factors of s.
2, 19
What are the prime factors of -8 + 0 + 21/((-210)/(-57020))?
2, 3, 13, 73
Suppose -39*l - 82*l = -971993. List the prime factors of l.
29, 277
Suppose m = -5*n - 30, -5 = -2*m + 3*m. Let j be (6 - 2) + n - 7. List the prime factors of (1 - 0)/(j*8/(-2368)).
37
Let r(a) = -23*a**2 + 2*a - 3. Let o be r(-2). Let l = 324 - o. Suppose 4*t + 43 - l = 0. List the prime factors of t.
5, 19
Suppose 3*n = -t + 8*n - 10, -n = -2*t - 65. What are the prime factors of ((-2968)/t)/(5/50)?
2, 53
What are the prime factors of (1*-4 - 306/(-85))*15 - -18578?
2, 4643
Let q = -44 - -46. Let u(p) = -7 - 4*p + 43*p**q + 39*p**2 - 35*p**2. List the prime factors of u(-2).
3, 7
Suppose -3 = 8*p - 11. Let k(n) = 405*n**3 + n**2 - 2*n + 1. What are the prime factors of k(p)?
3, 5
Suppose q - 6683 = 1685 - 1954. What are the prime factors of q?
2, 3, 1069
List the prime factors of (1412/(-2))/((-2)/31).
31, 353
Let a(i) = 40*i**3 + 10*i**2 - 7*i + 8. Let t be a(3). Suppose -24 = 4*p - 2*z - 2334, t = 2*p + z. What are the prime factors of p?
2, 17
Let g(i) = -335*i + 4543. List the prime factors of g(0).
7, 11, 59
Suppose 55007 = 9*r - 23860. What are the prime factors of r?
3, 23, 127
Let f(c) = 494*c**3 - 3*c**2 - 5*c + 6. Let w = 180 - 179. What are the prime factors of f(w)?
2, 3, 41
Let w = -1 + 5. Suppose -5*p + 3*y = -12, -4*p = y + w*y + 20. Suppose 4*n + 5*n - 1233 = p. List the prime factors of n.
137
Suppose -4*s - 4*q = -33160, -33*s + 32*s = -4*q - 8265. What are the prime factors of s?
5, 1657
Suppose 54817 = 10*h - 26988 - 37085. What are the prime factors of h?
3, 1321
Suppose j - b - 14 = 0, -2*b - 16 = -6*b. Let d(n) = 12*n + 31. What are the prime factors of d(j)?
13, 19
Let z(q) be the third derivative of 22*q**5/15 + q**4/2 + 29*q**3/6 - 12*q**2 + 2*q. List the prime factors of z(-2).
3, 7, 17
Let j = 229 - 227. Suppose j*h = h + 29. What are the prime factors of h?
29
Suppose 0 = g - 4*o - 407, -4*g - 3*o + 403 = -1168. Let j = g - 126. What are the prime factors of j?
269
Suppose 0 = -8*l + l + 232750. What are the prime factors of l/55 + (-84)/154